{"id":160,"date":"2020-07-21T10:51:05","date_gmt":"2020-07-21T08:51:05","guid":{"rendered":"https:\/\/26oktobar.rs\/?page_id=160"},"modified":"2020-11-04T00:30:11","modified_gmt":"2020-11-03T23:30:11","slug":"decija-soba","status":"publish","type":"page","link":"https:\/\/26oktobar.rs\/?page_id=160","title":{"rendered":"DE\u010cIJA SOBA"},"content":{"rendered":"<p>[et_pb_section fb_built=&#8221;1&#8243; _builder_version=&#8221;4.0.7&#8243;][et_pb_row column_structure=&#8221;1_3,1_3,1_3&#8243; _builder_version=&#8221;4.4.8&#8243;][et_pb_column type=&#8221;1_3&#8243; _builder_version=&#8221;4.4.8&#8243;][et_pb_text _builder_version=&#8221;4.4.8&#8243; hover_enabled=&#8221;0&#8243; locked=&#8221;off&#8221;]<\/p>\n<p><a href=\"https:\/\/26oktobar.rs\/?page_id=197\"><strong>DE\u010cIJE KOMODE<\/strong><\/a><\/p>\n<p><a href=\"https:\/\/26oktobar.rs\/?page_id=197\"><img loading=\"lazy\" decoding=\"async\" src=\"https:\/\/26oktobar.rs\/wp-content\/uploads\/2020\/08\/tabure-nadja-max-1-big-300x169.jpg\" width=\"300\" height=\"169\" alt=\"\" class=\"wp-image-738 alignnone size-medium\" \/><\/a><\/p>\n<p>[\/et_pb_text][et_pb_text _builder_version=&#8221;4.4.8&#8243; hover_enabled=&#8221;0&#8243; locked=&#8221;off&#8221;]<\/p>\n<p><a href=\"https:\/\/26oktobar.rs\/?page_id=203\"><strong>DE\u010cIJI RADNI STOLOVI<\/strong><\/a><\/p>\n<p><a href=\"https:\/\/26oktobar.rs\/?page_id=203\"><img loading=\"lazy\" decoding=\"async\" src=\"https:\/\/26oktobar.rs\/wp-content\/uploads\/2020\/08\/tabure-nadja-max-1-big-300x169.jpg\" width=\"300\" height=\"169\" alt=\"\" class=\"wp-image-738 alignnone size-medium\" \/><\/a><\/p>\n<p>[\/et_pb_text][et_pb_text _builder_version=&#8221;4.4.8&#8243; hover_enabled=&#8221;0&#8243; locked=&#8221;off&#8221;]<\/p>\n<p><a href=\"https:\/\/26oktobar.rs\/?page_id=209\">MOSTOVI I POLICE<\/a><\/p>\n<p><a href=\"https:\/\/26oktobar.rs\/?page_id=209\"><img loading=\"lazy\" decoding=\"async\" src=\"https:\/\/26oktobar.rs\/wp-content\/uploads\/2020\/08\/tabure-nadja-max-1-big-300x169.jpg\" width=\"300\" height=\"169\" alt=\"\" class=\"wp-image-738 alignnone size-medium\" \/><\/a><\/p>\n<p>[\/et_pb_text][\/et_pb_column][et_pb_column type=&#8221;1_3&#8243; _builder_version=&#8221;4.4.8&#8243;][et_pb_text _builder_version=&#8221;4.4.8&#8243; hover_enabled=&#8221;0&#8243; locked=&#8221;off&#8221;]<\/p>\n<p><a href=\"https:\/\/26oktobar.rs\/?page_id=199\"><strong>KOMPLET DE\u010cIJE SOBE<\/strong><\/a><\/p>\n<p><a href=\"https:\/\/26oktobar.rs\/?page_id=199\"><img loading=\"lazy\" decoding=\"async\" src=\"https:\/\/26oktobar.rs\/wp-content\/uploads\/2020\/08\/tabure-nadja-max-1-big-300x169.jpg\" width=\"300\" height=\"169\" alt=\"\" class=\"wp-image-738 alignnone size-medium\" \/><\/a><\/p>\n<p>[\/et_pb_text][et_pb_text _builder_version=&#8221;4.4.8&#8243; hover_enabled=&#8221;0&#8243; locked=&#8221;off&#8221;]<\/p>\n<p><a href=\"https:\/\/26oktobar.rs\/?page_id=205\"><strong>DE\u010cIJE STOLICE<\/strong><\/a><\/p>\n<p><a href=\"https:\/\/26oktobar.rs\/?page_id=205\"><img loading=\"lazy\" decoding=\"async\" src=\"https:\/\/26oktobar.rs\/wp-content\/uploads\/2020\/08\/tabure-nadja-max-1-big-300x169.jpg\" width=\"300\" height=\"169\" alt=\"\" class=\"wp-image-738 alignnone size-medium\" \/><\/a><\/p>\n<p>[\/et_pb_text][\/et_pb_column][et_pb_column type=&#8221;1_3&#8243; _builder_version=&#8221;4.4.8&#8243;][et_pb_text _builder_version=&#8221;4.4.8&#8243; hover_enabled=&#8221;0&#8243; locked=&#8221;off&#8221;]<\/p>\n<p><a href=\"https:\/\/26oktobar.rs\/?page_id=201\"><strong>DE\u010cIKI ORMARI<\/strong><\/a><\/p>\n<p><a href=\"https:\/\/26oktobar.rs\/?page_id=201\"><img loading=\"lazy\" decoding=\"async\" src=\"https:\/\/26oktobar.rs\/wp-content\/uploads\/2020\/08\/tabure-nadja-max-1-big-300x169.jpg\" width=\"300\" height=\"169\" alt=\"\" class=\"wp-image-738 alignnone size-medium\" \/><\/a><\/p>\n<p>[\/et_pb_text][et_pb_text _builder_version=&#8221;4.4.8&#8243; hover_enabled=&#8221;0&#8243; locked=&#8221;off&#8221;]<\/p>\n<p><a href=\"https:\/\/26oktobar.rs\/?page_id=207\"><strong>DE\u010cIJI KREVETI<\/strong><\/a><\/p>\n<p><a href=\"https:\/\/26oktobar.rs\/?page_id=207\"><img loading=\"lazy\" decoding=\"async\" src=\"https:\/\/26oktobar.rs\/wp-content\/uploads\/2020\/08\/tabure-nadja-max-1-big-300x169.jpg\" width=\"300\" height=\"169\" alt=\"\" class=\"wp-image-738 alignnone size-medium\" \/><\/a><\/p>\n<p>[\/et_pb_text][\/et_pb_column][\/et_pb_row][\/et_pb_section]<\/p>\n","protected":false},"excerpt":{"rendered":"<p>DE\u010cIJE KOMODE DE\u010cIJI RADNI STOLOVI MOSTOVI I POLICE KOMPLET DE\u010cIJE SOBE DE\u010cIJE STOLICE DE\u010cIKI ORMARI DE\u010cIJI KREVETI<\/p>\n","protected":false},"author":4,"featured_media":0,"parent":0,"menu_order":0,"comment_status":"closed","ping_status":"closed","template":"","meta":{"_et_pb_use_builder":"on","_et_pb_old_content":"","_et_gb_content_width":"","footnotes":""},"_links":{"self":[{"href":"https:\/\/26oktobar.rs\/index.php?rest_route=\/wp\/v2\/pages\/160"}],"collection":[{"href":"https:\/\/26oktobar.rs\/index.php?rest_route=\/wp\/v2\/pages"}],"about":[{"href":"https:\/\/26oktobar.rs\/index.php?rest_route=\/wp\/v2\/types\/page"}],"author":[{"embeddable":true,"href":"https:\/\/26oktobar.rs\/index.php?rest_route=\/wp\/v2\/users\/4"}],"replies":[{"embeddable":true,"href":"https:\/\/26oktobar.rs\/index.php?rest_route=%2Fwp%2Fv2%2Fcomments&post=160"}],"version-history":[{"count":6,"href":"https:\/\/26oktobar.rs\/index.php?rest_route=\/wp\/v2\/pages\/160\/revisions"}],"predecessor-version":[{"id":1274,"href":"https:\/\/26oktobar.rs\/index.php?rest_route=\/wp\/v2\/pages\/160\/revisions\/1274"}],"wp:attachment":[{"href":"https:\/\/26oktobar.rs\/index.php?rest_route=%2Fwp%2Fv2%2Fmedia&parent=160"}],"curies":[{"name":"wp","href":"https:\/\/api.w.org\/{rel}","templated":true}]}}